nder when w is divided by y.
7
Suppose w - 26 = -2*g, 4*w = -4 + 12. Let z = 133 + -91. What is the remainder when z is divided by g?
6
Let t(l) = -6*l**3 - 6*l**2 + 75*l + 235. Suppose 0 = -j + 3*r + 32, j - 4*j - 3*r + 36 = 0. Calculate the remainder when t(-3) is divided by j.
16
What is the remainder when (-3)/(-5)*(-7 - 97248/(-144)) is divided by 118?
47
Let f = -222 - -1774. What is the remainder when f is divided by 21?
19
What is the remainder when 1900 is divided by ((-6713)/588 + (-1)/(-12))/((-8)/264)?
30
Let p be (2 - -2 - 3 - -3)*24. Suppose 3*t - p = 27. Calculate the remainder when t is divided by 22.
19
Suppose -4*g + 144 = 12*g. Let m be 14/21 - 4/(-3). Suppose 27 = k + h - 2, 0 = -3*k - m*h + 82. What is the remainder when k is divided by g?
6
Let a(g) = -g**3 + 2*g**2 + 8*g - 11. Let t = -11 - -9. Let u = 39 + t. Calculate the remainder when u is divided by a(-3).
7
Let u(f) = f**3 + 3*f**2 + 2*f - 2. Let x be u(-2). Suppose 188*q = 152*q + 936. Calculate the remainder when 3/(x*3/(-100)) is divided by q.
24
Calculate the remainder when 55 is divided by ((-16)/(-3))/(10/6 - 9 - -8).
7
Let v be (-3)/(-2) + (-75)/(-6). What is the remainder when (-104)/12*105/v*-1 is divided by 22?
21
Let r be 12335/10 - (-5)/2. Suppose 5*k - r = -2*v + 5*v, 4*k - 1002 = -2*v. Calculate the remainder when k is divided by 64.
57
Suppose -4*w - 5*r + 108 = -3*r, 4*w = r + 96. Calculate the remainder when w is divided by (-14 + -28)/(-1 - 1) + -1.
5
Suppose 4*u - 200 = -4*d, 28*u - 58 = 27*u - 5*d. Calculate the remainder when 196 is divided by u.
4
Let h = 3 + -2. Suppose y - 44 = 3*k - 81, -y + 5 = 0. What is the remainder when 39 is divided by -3*k*h/(-2)?
18
Suppose -2693 + 8426 = 117*v. Suppose 0*f + 2*i = -4*f + 764, i = 0. Calculate the remainder when f is divided by v.
44
Let x = -10230 - -11652. Calculate the remainder when x is divided by 41.
28
Let b = -44 - -109. Let z = -58 + b. Suppose -z*y = -11*y + 568. Calculate the remainder when y is divided by 29.
26
Let j = -217 + 227. Calculate the remainder when 429*2/10*j/6 is divided by 25.
18
What is the remainder when (2315180/105 - 2/24) + (-1)/4 is divided by 35?
34
Suppose 0 = -5*l + 1298 - 323. Suppose -148*z + 736 = -719 - 617. Calculate the remainder when l is divided by z.
13
Let l(n) = 11*n**3 - 73*n**2 + 23*n - 52. Calculate the remainder when 633 is divided by l(7).
23
Suppose 3*o - 1792 = -2*o - 27*o. Calculate the remainder when 2529 is divided by o.
9
Suppose 0 = t + 5, 2884 = 5*i + 2*t - 1241. Let d = -793 + i. What is the remainder when d is divided by 20?
14
Let n = -1647 + 1665. What is the remainder when (6/(-4))/((-27)/5472 + 0) is divided by n?
16
Let a(o) = -8*o + 50. Let z(q) = -22*q + 150. Let n(j) = -10*a(j) + 3*z(j). What is the remainder when n(6) is divided by 6?
4
Suppose -y + 3*y + 2 = 2*t, 0 = -4*t - y + 19. Suppose 4*g + 144 = t*u, 24 = u + 4*g - 2*g. Let d = -40 - -46. Calculate the remainder when u is divided by d.
2
Let w(s) = 68*s + 3582. Calculate the remainder when w(-35) is divided by 601.
0
Suppose -5*x = 547 - 1432. Suppose 4*z = -0*r - 2*r + 64, 5*r = 2*z + 184. Calculate the remainder when x is divided by r.
33
Suppose 507 = -4*j - 5*q + 1548, -5*q = -5. Calculate the remainder when 1557 is divided by j.
3
Let r be 3/(-6) + (-1 - 7047/6). Calculate the remainder when (-3)/(-10) + r/(-80) is divided by 2.
1
Let r be 3*60/(-9)*(-25)/10. Suppose 4*s + r = 3*h, 2*h - h = s + 17. Calculate the remainder when h is divided by (1/1)/(3/21).
4
Let a be (20 - 19) + 8/2. Suppose -4*z = -a*c - 886, -5*z - c + 1093 = -0*c. Suppose -11 = 4*r - z. What is the remainder when r is divided by 28?
24
Suppose 21279 = 139*m - 4897 - 13578. Calculate the remainder when 767 is divided by m.
195
Suppose 2*u = -4*l + 56, 5*l + 122 = 4*u + 153. Suppose 5*c + 204 = -5*b + 529, -187 = -3*b - c. Calculate the remainder when b is divided by l.
6
Let s(m) = 3*m**2 + 7*m - 6. Let p be s(5). Suppose -5*c + p = -21. What is the remainder when c is divided by (-78)/120*5*(-4)/1?
12
Let i = 4 + 5. Let o(s) = s**2 - 10*s + 12. Let x be o(i). Suppose -2*n + d = -74, -5*n - x*d + 0*d + 207 = 0. Calculate the remainder when n is divided by 20.
19
Suppose -m = -165*b + 170*b, m = 5*b + 40. Let q = 28 + 218. Calculate the remainder when m is divided by q/36 - (-1)/6.
6
Let p(r) = -4*r + 23. Let z be p(-5). Suppose -34*o - 1935 = -z*o. Calculate the remainder when o is divided by 56.
47
Suppose -m - 6*m + 8*m = 0. Suppose m = -u - 15 + 24. Calculate the remainder when 79 is divided by u.
7
Let x = -2867 - -2883. Calculate the remainder when 175 is divided by x.
15
What is the remainder when 508 is divided by (350/875)/((-3)/((-2220)/8))?
27
Suppose -56 + 296 = 16*a. What is the remainder when 1106 is divided by a?
11
Let p = -24660 + 24697. What is the remainder when 108 is divided by p?
34
Suppose 20*p + 134 = 494. Suppose v = 3*s + 72, 0*s = -v - s + 56. What is the remainder when v is divided by p?
6
Suppose -5*r + 440 = 6*r. What is the remainder when (3/(-2))/((-2)/104) is divided by (1 - 2)*(r - 50)?
8
Suppose 10*q - 7*q - 165 = 0. Suppose -5*f + 2*h = -24 - q, 3*h - 39 = -3*f. Calculate the remainder when 38 is divided by f.
8
Let t = -18 - -27. Suppose r + 2*u = 4, 4*r - 66 = -3*u + 5*u. What is the remainder when ((-75)/t)/(4/(-12)) is divided by r?
11
Suppose 85*k - 5*k = -26202 + 105242. What is the remainder when k is divided by 100?
88
Suppose 0 = 7*w + 5*w - 2424. Let x = -156 + w. Calculate the remainder when x is divided by 10.
6
Let j = 14537 + -14506. Let u = -110 + 201. What is the remainder when u is divided by j?
29
Suppose -5*n + 867 = -208. Let s = n + -168. Let r(l) = 2*l**2 + l. What is the remainder when s is divided by r(2)?
7
Calculate the remainder when 289 is divided by (-1 - -10)/((-6)/(-156)).
55
Let z = 1311 + -1285. What is the remainder when z is divided by 19?
7
Let g be 12/6 - (-1)/1. Suppose -4*b - o + 134 = 0, g*b + 5*o = -2*b + 175. Calculate the remainder when 163 is divided by b.
31
Let q(b) = 14*b**2 - 34*b - 2649. Calculate the remainder when q(-44) is divided by 19.
16
Let j = 10777 - 10331. Calculate the remainder when j is divided by 138.
32
Suppose -3*i - 4 = -4*m + 3, m - 23 = 5*i. What is the remainder when 54 is divided by -1*4*(-2)/(m/(-7))?
26
Suppose -3*p - 40 = 4*l, 31 = -3*p - 0*l + 5*l. Let t(d) = -d**2 - 18*d - 12. Calculate the remainder when t(p) is divided by 26.
8
Let j(p) = -142*p + 655. What is the remainder when j(2) is divided by 11?
8
Let s = -1 - -4. Let n(j) = -3*j - 1148 + 1142 + 22*j. What is the remainder when n(s) is divided by 27?
24
Let v(y) = -24*y - 54. Let z(g) = 3*g - 1. Let a(c) = -2*v(c) - 14*z(c). What is the remainder when a(13) is divided by 17?
13
Suppose 7*s - 796 = 5*s. Suppose -877 - s = 5*f. Let o = f + 498. What is the remainder when o is divided by 49?
47
Let i = 212 + -383. Let m = 266 + i. Calculate the remainder when m is divided by 27.
14
Suppose 11*u + 10*u = 4*u. Suppose 2*d + 3*o - 16 = -u*o, 3*d - 3*o - 9 = 0. Calculate the remainder when d is divided by -2*((-3)/6 + 0).
0
Suppose h - 5*d + 6 = -14, d = -3. Let c be 10/h - 214/(-14). Calculate the remainder when -1*((-10)/c)/((-2)/(-57)) is divided by 4.
3
Let q(o) = 6*o - 85. Let g be -1 + (3 - 6) - -29. What is the remainder when q(g) is divided by 34?
31
Calculate the remainder when 557 is divided by (-28*(-60)/315)/(4/30 - 0).
37
Suppose 5*q + 9*q = 1297 + 635. What is the remainder when q is divided by 70?
68
Let r(l) = -1. Let f(z) = 9*z**3 - z - 2. Let v(q) = -f(q) + 3*r(q). What is the remainder when v(-2) is divided by 24?
21
Suppose 3*g - 5*g = 2*p - 38, 0 = -2*p. Let b be 43/9 + (480/108)/20. Suppose -4*r = -3*k + 209, -1 = -b*r + 4. Calculate the remainder when k is divided by g.
14
Suppose -24*f = -0*f - 144. Let i(v) be the first derivative of -v**3/3 - 5*v**2 - 1. What is the remainder when i(-8) is divided by f?
4
Calculate the remainder when 253/(-2)*676/(-143) is divided by 24.
22
Suppose 219 = 3*p + 3*c, 5*p - 2*c = 2*c + 410. Let s = p - 76. Suppose -28 = -s*w - 0*w. Calculate the remainder when 83 is divided by w.
13
What is the remainder when 90/(-6) + (440 - 29) is divided by 57?
54
What is the remainder when (1